{"id":565,"date":"2021-07-01T19:58:09","date_gmt":"2021-07-01T17:58:09","guid":{"rendered":"https:\/\/ellocan.fr\/?post_type=product&#038;p=565"},"modified":"2025-05-02T09:06:37","modified_gmt":"2025-05-02T07:06:37","slug":"youcansit-orange","status":"publish","type":"product","link":"https:\/\/ellocan.fr\/?product=youcansit-orange","title":{"rendered":"Le Kit Orange"},"content":{"rendered":"<p>Le kit Youcansit &#8211; Orange est compos\u00e9 de 4 plaques en plastique recyclable et de 4 tendeurs.<\/p>\n<p>Il est \u00e0 construire avec 36 canettes vides de 33 cl de 66 mm de diam\u00e8tre.<\/p>\n<p>Aucun outil n&rsquo;est n\u00e9cessaire.<\/p>\n<p>Il est con\u00e7u pour un usage domestique.<\/p>\n<p>Ne convient pas aux enfants en-dessous de 10 ans.<\/p>\n<p>&nbsp;<\/p>\n<p>&nbsp;<\/p>\n<p>&nbsp;<\/p>\n","protected":false},"excerpt":{"rendered":"<div class=\"woocommerce-product-details__short-description\">\n<p><strong>Ce kit est vendu sans canette.<\/strong><\/p>\n<p>Ellocan vous propose un concept in\u00e9dit : le kit Youcansit cr\u00e9\u00e9 en 2014 par Lionel Guiguet.<\/p>\n<p>Ce kit, unique au monde, vous permet de cr\u00e9er un tabouret original \u00e0 l&rsquo;aide de 36 canettes de boisson vides. Bel exemple de recyclage et de surcyclage, le kit Youcansit est un indispensable. Maniable et l\u00e9ger, ce tabouret deviendra tour \u00e0 tour si\u00e8ge d&rsquo;appoint, bout de canap\u00e9, table de chevet. Personnalisable \u00e0 l&rsquo;infini, il s&rsquo;int\u00e8gre dans tous les int\u00e9rieurs.<br \/>\nYoucansit est int\u00e9gralement fabriqu\u00e9 en Rh\u00f4ne-Alpes. Il peut se pr\u00e9valoir d&rsquo;\u00eatre un objet design sans \u00e9quivalent. Color\u00e9, en mati\u00e8res recyclables, il est d\u00e9clin\u00e9 pour le moment en 4 coloris tr\u00e8s tendance.<\/p>\n<\/div>\n","protected":false},"featured_media":801,"comment_status":"open","ping_status":"closed","template":"","meta":{"neve_meta_sidebar":"","neve_meta_container":"","neve_meta_enable_content_width":"off","neve_meta_content_width":70,"neve_meta_title_alignment":"","neve_meta_author_avatar":"","neve_post_elements_order":"","neve_meta_disable_header":"","neve_meta_disable_footer":"","neve_meta_disable_title":"","_themeisle_gutenberg_block_has_review":false},"product_brand":[],"product_cat":[26],"product_tag":[],"class_list":{"0":"post-565","1":"product","2":"type-product","3":"status-publish","4":"has-post-thumbnail","6":"product_cat-kit-tabouret","8":"first","9":"instock","10":"taxable","11":"shipping-taxable","12":"purchasable","13":"product-type-simple"},"yoast_head":"<!-- This site is optimized with the Yoast SEO plugin v27.4 - https:\/\/yoast.com\/product\/yoast-seo-wordpress\/ -->\n<title>Le Kit Orange -<\/title>\n<meta name=\"robots\" content=\"index, follow, max-snippet:-1, max-image-preview:large, max-video-preview:-1\" \/>\n<link rel=\"canonical\" href=\"https:\/\/ellocan.fr\/?product=youcansit-orange\" \/>\n<meta property=\"og:locale\" content=\"fr_FR\" \/>\n<meta property=\"og:type\" content=\"article\" \/>\n<meta property=\"og:title\" content=\"Le Kit Orange -\" \/>\n<meta property=\"og:description\" content=\"Ce kit est vendu sans canette.  Ellocan vous propose un concept in\u00e9dit : le kit Youcansit cr\u00e9\u00e9 en 2014 par Lionel Guiguet.  Ce kit, unique au monde, vous permet de cr\u00e9er un tabouret original \u00e0 l&#039;aide de 36 canettes de boisson vides. Bel exemple de recyclage et de surcyclage, le kit Youcansit est un indispensable. Maniable et l\u00e9ger, ce tabouret deviendra tour \u00e0 tour si\u00e8ge d&#039;appoint, bout de canap\u00e9, table de chevet. Personnalisable \u00e0 l&#039;infini, il s&#039;int\u00e8gre dans tous les int\u00e9rieurs. Youcansit est int\u00e9gralement fabriqu\u00e9 en Rh\u00f4ne-Alpes. Il peut se pr\u00e9valoir d&#039;\u00eatre un objet design sans \u00e9quivalent. Color\u00e9, en mati\u00e8res recyclables, il est d\u00e9clin\u00e9 pour le moment en 4 coloris tr\u00e8s tendance.\" \/>\n<meta property=\"og:url\" content=\"https:\/\/ellocan.fr\/?product=youcansit-orange\" \/>\n<meta property=\"article:modified_time\" content=\"2025-05-02T07:06:37+00:00\" \/>\n<meta property=\"og:image\" content=\"https:\/\/ellocan.fr\/wp-content\/uploads\/2021\/07\/YCSO4-Soldat-1-1024x768.png\" \/>\n\t<meta property=\"og:image:width\" content=\"1024\" \/>\n\t<meta property=\"og:image:height\" content=\"768\" \/>\n\t<meta property=\"og:image:type\" content=\"image\/png\" \/>\n<meta name=\"twitter:card\" content=\"summary_large_image\" \/>\n<meta name=\"twitter:label1\" content=\"Dur\u00e9e de lecture estim\u00e9e\" \/>\n\t<meta name=\"twitter:data1\" content=\"1 minute\" \/>\n<script type=\"application\/ld+json\" class=\"yoast-schema-graph\">{\"@context\":\"https:\\\/\\\/schema.org\",\"@graph\":[{\"@type\":\"WebPage\",\"@id\":\"https:\\\/\\\/ellocan.fr\\\/?product=youcansit-orange\",\"url\":\"https:\\\/\\\/ellocan.fr\\\/?product=youcansit-orange\",\"name\":\"Le Kit Orange -\",\"isPartOf\":{\"@id\":\"https:\\\/\\\/ellocan.fr\\\/#website\"},\"primaryImageOfPage\":{\"@id\":\"https:\\\/\\\/ellocan.fr\\\/?product=youcansit-orange#primaryimage\"},\"image\":{\"@id\":\"https:\\\/\\\/ellocan.fr\\\/?product=youcansit-orange#primaryimage\"},\"thumbnailUrl\":\"https:\\\/\\\/ellocan.fr\\\/wp-content\\\/uploads\\\/2021\\\/07\\\/YCSO4-Soldat-1.png\",\"datePublished\":\"2021-07-01T17:58:09+00:00\",\"dateModified\":\"2025-05-02T07:06:37+00:00\",\"breadcrumb\":{\"@id\":\"https:\\\/\\\/ellocan.fr\\\/?product=youcansit-orange#breadcrumb\"},\"inLanguage\":\"fr-FR\",\"potentialAction\":[{\"@type\":\"ReadAction\",\"target\":[\"https:\\\/\\\/ellocan.fr\\\/?product=youcansit-orange\"]}]},{\"@type\":\"ImageObject\",\"inLanguage\":\"fr-FR\",\"@id\":\"https:\\\/\\\/ellocan.fr\\\/?product=youcansit-orange#primaryimage\",\"url\":\"https:\\\/\\\/ellocan.fr\\\/wp-content\\\/uploads\\\/2021\\\/07\\\/YCSO4-Soldat-1.png\",\"contentUrl\":\"https:\\\/\\\/ellocan.fr\\\/wp-content\\\/uploads\\\/2021\\\/07\\\/YCSO4-Soldat-1.png\",\"width\":4000,\"height\":3000},{\"@type\":\"BreadcrumbList\",\"@id\":\"https:\\\/\\\/ellocan.fr\\\/?product=youcansit-orange#breadcrumb\",\"itemListElement\":[{\"@type\":\"ListItem\",\"position\":1,\"name\":\"Accueil\",\"item\":\"https:\\\/\\\/ellocan.fr\\\/\"},{\"@type\":\"ListItem\",\"position\":2,\"name\":\"Shop\",\"item\":\"https:\\\/\\\/ellocan.fr\\\/?page_id=182\"},{\"@type\":\"ListItem\",\"position\":3,\"name\":\"Le Kit Orange\"}]},{\"@type\":\"WebSite\",\"@id\":\"https:\\\/\\\/ellocan.fr\\\/#website\",\"url\":\"https:\\\/\\\/ellocan.fr\\\/\",\"name\":\"\",\"description\":\"Recyclez vos canettes !\",\"publisher\":{\"@id\":\"https:\\\/\\\/ellocan.fr\\\/#organization\"},\"potentialAction\":[{\"@type\":\"SearchAction\",\"target\":{\"@type\":\"EntryPoint\",\"urlTemplate\":\"https:\\\/\\\/ellocan.fr\\\/?s={search_term_string}\"},\"query-input\":{\"@type\":\"PropertyValueSpecification\",\"valueRequired\":true,\"valueName\":\"search_term_string\"}}],\"inLanguage\":\"fr-FR\"},{\"@type\":\"Organization\",\"@id\":\"https:\\\/\\\/ellocan.fr\\\/#organization\",\"name\":\"ELLOCAN\",\"url\":\"https:\\\/\\\/ellocan.fr\\\/\",\"logo\":{\"@type\":\"ImageObject\",\"inLanguage\":\"fr-FR\",\"@id\":\"https:\\\/\\\/ellocan.fr\\\/#\\\/schema\\\/logo\\\/image\\\/\",\"url\":\"https:\\\/\\\/ellocan.fr\\\/wp-content\\\/uploads\\\/2021\\\/10\\\/LOGO-ELLOCAN-DEFINITIF-LONG.jpg\",\"contentUrl\":\"https:\\\/\\\/ellocan.fr\\\/wp-content\\\/uploads\\\/2021\\\/10\\\/LOGO-ELLOCAN-DEFINITIF-LONG.jpg\",\"width\":921,\"height\":249,\"caption\":\"ELLOCAN\"},\"image\":{\"@id\":\"https:\\\/\\\/ellocan.fr\\\/#\\\/schema\\\/logo\\\/image\\\/\"},\"sameAs\":[\"https:\\\/\\\/www.instagram.com\\\/ellocan_design\"]}]}<\/script>\n<!-- \/ Yoast SEO plugin. -->","yoast_head_json":{"title":"Le Kit Orange -","robots":{"index":"index","follow":"follow","max-snippet":"max-snippet:-1","max-image-preview":"max-image-preview:large","max-video-preview":"max-video-preview:-1"},"canonical":"https:\/\/ellocan.fr\/?product=youcansit-orange","og_locale":"fr_FR","og_type":"article","og_title":"Le Kit Orange -","og_description":"Ce kit est vendu sans canette.  Ellocan vous propose un concept in\u00e9dit : le kit Youcansit cr\u00e9\u00e9 en 2014 par Lionel Guiguet.  Ce kit, unique au monde, vous permet de cr\u00e9er un tabouret original \u00e0 l'aide de 36 canettes de boisson vides. Bel exemple de recyclage et de surcyclage, le kit Youcansit est un indispensable. Maniable et l\u00e9ger, ce tabouret deviendra tour \u00e0 tour si\u00e8ge d'appoint, bout de canap\u00e9, table de chevet. Personnalisable \u00e0 l'infini, il s'int\u00e8gre dans tous les int\u00e9rieurs. Youcansit est int\u00e9gralement fabriqu\u00e9 en Rh\u00f4ne-Alpes. Il peut se pr\u00e9valoir d'\u00eatre un objet design sans \u00e9quivalent. Color\u00e9, en mati\u00e8res recyclables, il est d\u00e9clin\u00e9 pour le moment en 4 coloris tr\u00e8s tendance.","og_url":"https:\/\/ellocan.fr\/?product=youcansit-orange","article_modified_time":"2025-05-02T07:06:37+00:00","og_image":[{"width":1024,"height":768,"url":"https:\/\/ellocan.fr\/wp-content\/uploads\/2021\/07\/YCSO4-Soldat-1-1024x768.png","type":"image\/png"}],"twitter_card":"summary_large_image","twitter_misc":{"Dur\u00e9e de lecture estim\u00e9e":"1 minute"},"schema":{"@context":"https:\/\/schema.org","@graph":[{"@type":"WebPage","@id":"https:\/\/ellocan.fr\/?product=youcansit-orange","url":"https:\/\/ellocan.fr\/?product=youcansit-orange","name":"Le Kit Orange -","isPartOf":{"@id":"https:\/\/ellocan.fr\/#website"},"primaryImageOfPage":{"@id":"https:\/\/ellocan.fr\/?product=youcansit-orange#primaryimage"},"image":{"@id":"https:\/\/ellocan.fr\/?product=youcansit-orange#primaryimage"},"thumbnailUrl":"https:\/\/ellocan.fr\/wp-content\/uploads\/2021\/07\/YCSO4-Soldat-1.png","datePublished":"2021-07-01T17:58:09+00:00","dateModified":"2025-05-02T07:06:37+00:00","breadcrumb":{"@id":"https:\/\/ellocan.fr\/?product=youcansit-orange#breadcrumb"},"inLanguage":"fr-FR","potentialAction":[{"@type":"ReadAction","target":["https:\/\/ellocan.fr\/?product=youcansit-orange"]}]},{"@type":"ImageObject","inLanguage":"fr-FR","@id":"https:\/\/ellocan.fr\/?product=youcansit-orange#primaryimage","url":"https:\/\/ellocan.fr\/wp-content\/uploads\/2021\/07\/YCSO4-Soldat-1.png","contentUrl":"https:\/\/ellocan.fr\/wp-content\/uploads\/2021\/07\/YCSO4-Soldat-1.png","width":4000,"height":3000},{"@type":"BreadcrumbList","@id":"https:\/\/ellocan.fr\/?product=youcansit-orange#breadcrumb","itemListElement":[{"@type":"ListItem","position":1,"name":"Accueil","item":"https:\/\/ellocan.fr\/"},{"@type":"ListItem","position":2,"name":"Shop","item":"https:\/\/ellocan.fr\/?page_id=182"},{"@type":"ListItem","position":3,"name":"Le Kit Orange"}]},{"@type":"WebSite","@id":"https:\/\/ellocan.fr\/#website","url":"https:\/\/ellocan.fr\/","name":"","description":"Recyclez vos canettes !","publisher":{"@id":"https:\/\/ellocan.fr\/#organization"},"potentialAction":[{"@type":"SearchAction","target":{"@type":"EntryPoint","urlTemplate":"https:\/\/ellocan.fr\/?s={search_term_string}"},"query-input":{"@type":"PropertyValueSpecification","valueRequired":true,"valueName":"search_term_string"}}],"inLanguage":"fr-FR"},{"@type":"Organization","@id":"https:\/\/ellocan.fr\/#organization","name":"ELLOCAN","url":"https:\/\/ellocan.fr\/","logo":{"@type":"ImageObject","inLanguage":"fr-FR","@id":"https:\/\/ellocan.fr\/#\/schema\/logo\/image\/","url":"https:\/\/ellocan.fr\/wp-content\/uploads\/2021\/10\/LOGO-ELLOCAN-DEFINITIF-LONG.jpg","contentUrl":"https:\/\/ellocan.fr\/wp-content\/uploads\/2021\/10\/LOGO-ELLOCAN-DEFINITIF-LONG.jpg","width":921,"height":249,"caption":"ELLOCAN"},"image":{"@id":"https:\/\/ellocan.fr\/#\/schema\/logo\/image\/"},"sameAs":["https:\/\/www.instagram.com\/ellocan_design"]}]}},"_links":{"self":[{"href":"https:\/\/ellocan.fr\/index.php?rest_route=\/wp\/v2\/product\/565","targetHints":{"allow":["GET"]}}],"collection":[{"href":"https:\/\/ellocan.fr\/index.php?rest_route=\/wp\/v2\/product"}],"about":[{"href":"https:\/\/ellocan.fr\/index.php?rest_route=\/wp\/v2\/types\/product"}],"replies":[{"embeddable":true,"href":"https:\/\/ellocan.fr\/index.php?rest_route=%2Fwp%2Fv2%2Fcomments&post=565"}],"wp:featuredmedia":[{"embeddable":true,"href":"https:\/\/ellocan.fr\/index.php?rest_route=\/wp\/v2\/media\/801"}],"wp:attachment":[{"href":"https:\/\/ellocan.fr\/index.php?rest_route=%2Fwp%2Fv2%2Fmedia&parent=565"}],"wp:term":[{"taxonomy":"product_brand","embeddable":true,"href":"https:\/\/ellocan.fr\/index.php?rest_route=%2Fwp%2Fv2%2Fproduct_brand&post=565"},{"taxonomy":"product_cat","embeddable":true,"href":"https:\/\/ellocan.fr\/index.php?rest_route=%2Fwp%2Fv2%2Fproduct_cat&post=565"},{"taxonomy":"product_tag","embeddable":true,"href":"https:\/\/ellocan.fr\/index.php?rest_route=%2Fwp%2Fv2%2Fproduct_tag&post=565"}],"curies":[{"name":"wp","href":"https:\/\/api.w.org\/{rel}","templated":true}]}}